at are the prime factors of 1456?
2, 7, 13
List the prime factors of 102508.
2, 7, 523
What are the prime factors of 3282?
2, 3, 547
List the prime factors of 356.
2, 89
List the prime factors of 11264.
2, 11
List the prime factors of 123193.
7, 17599
List the prime factors of 1850.
2, 5, 37
List the prime factors of 20174.
2, 7, 11, 131
What are the prime factors of 80107?
80107
List the prime factors of 1301.
1301
List the prime factors of 41472.
2, 3
List the prime factors of 598.
2, 13, 23
What are the prime factors of 9543?
3, 3181
List the prime factors of 1261.
13, 97
List the prime factors of 6287.
6287
List the prime factors of 2988.
2, 3, 83
What are the prime factors of 133061?
271, 491
List the prime factors of 32.
2
What are the prime factors of 49046?
2, 137, 179
What are the prime factors of 735?
3, 5, 7
What are the prime factors of 20272?
2, 7, 181
What are the prime factors of 9773?
29, 337
What are the prime factors of 1388?
2, 347
What are the prime factors of 69788?
2, 73, 239
List the prime factors of 35066.
2, 89, 197
What are the prime factors of 42?
2, 3, 7
List the prime factors of 15281.
7, 37, 59
What are the prime factors of 14550?
2, 3, 5, 97
List the prime factors of 1887.
3, 17, 37
What are the prime factors of 12732?
2, 3, 1061
What are the prime factors of 2475?
3, 5, 11
What are the prime factors of 88032?
2, 3, 7, 131
What are the prime factors of 233?
233
What are the prime factors of 1185?
3, 5, 79
List the prime factors of 41767.
11, 3797
List the prime factors of 1189.
29, 41
What are the prime factors of 291?
3, 97
List the prime factors of 688.
2, 43
List the prime factors of 11032.
2, 7, 197
List the prime factors of 925.
5, 37
List the prime factors of 1662.
2, 3, 277
What are the prime factors of 1330?
2, 5, 7, 19
List the prime factors of 44139.
3, 14713
List the prime factors of 64731.
3, 21577
What are the prime factors of 10?
2, 5
List the prime factors of 86180.
2, 5, 31, 139
What are the prime factors of 29461?
17, 1733
List the prime factors of 61451.
13, 29, 163
List the prime factors of 104.
2, 13
What are the prime factors of 26281?
41, 641
What are the prime factors of 11870?
2, 5, 1187
What are the prime factors of 1079?
13, 83
What are the prime factors of 2482?
2, 17, 73
List the prime factors of 8.
2
What are the prime factors of 2366?
2, 7, 13
What are the prime factors of 1171?
1171
What are the prime factors of 292?
2, 73
List the prime factors of 2084.
2, 521
What are the prime factors of 9239?
9239
What are the prime factors of 29529?
3, 17, 193
List the prime factors of 67959.
3, 839
What are the prime factors of 1020?
2, 3, 5, 17
What are the prime factors of 16019?
83, 193
What are the prime factors of 17992?
2, 13, 173
List the prime factors of 9283.
9283
What are the prime factors of 51802?
2, 59, 439
What are the prime factors of 1217?
1217
What are the prime factors of 26762?
2, 13381
What are the prime factors of 4076?
2, 1019
List the prime factors of 74630.
2, 5, 17, 439
What are the prime factors of 52202?
2, 43, 607
List the prime factors of 2043.
3, 227
List the prime factors of 184.
2, 23
What are the prime factors of 16525?
5, 661
What are the prime factors of 1129?
1129
List the prime factors of 15527.
15527
List the prime factors of 7233.
3, 2411
What are the prime factors of 1291?
1291
List the prime factors of 4175.
5, 167
List the prime factors of 998.
2, 499
List the prime factors of 2969.
2969
What are the prime factors of 26217?
3, 971
What are the prime factors of 1685?
5, 337
List the prime factors of 93188.
2, 23297
List the prime factors of 12549.
3, 47, 89
List the prime factors of 26981.
26981
What are the prime factors of 2617?
2617
What are the prime factors of 8613?
3, 11, 29
List the prime factors of 43939.
7, 6277
What are the prime factors of 14542?
2, 11, 661
List the prime factors of 2598.
2, 3, 433
What are the prime factors of 109409?
37, 2957
List the prime factors of 13199.
67, 197
What are the prime factors of 3701?
3701
List the prime factors of 19234.
2, 59, 163
List the prime factors of 30393.
3, 11, 307
What are the prime factors of 9219?
3, 7, 439
What are the prime factors of 3092?
2, 773
List the prime factors of 649.
11, 59
List the prime factors of 121322.
2, 60661
What are the prime factors of 1415?
5, 283
List the prime factors of 85079.
149, 571
List the prime factors of 2906.
2, 1453
What are the prime factors of 16835?
5, 7, 13, 37
What are the prime factors of 15831?
3, 1759
List the prime factors of 5569.
5569
What are the prime factors of 13567?
13567
What are the prime factors of 60915?
3, 5, 31, 131
What are the prime factors of 39360?
2, 3, 5, 41
What are the prime factors of 2199?
3, 733
What are the prime factors of 1992?
2, 3, 83
List the prime factors of 15446.
2, 7723
List the prime factors of 2823.
3, 941
List the prime factors of 10145.
5, 2029
What are the prime factors of 16354?
2, 13, 17, 37
What are the prime factors of 15217?
15217
List the prime factors of 22312.
2, 2789
List the prime factors of 21829.
83, 263
What are the prime factors of 4341?
3, 1447
List the prime factors of 72269.
72269
List the prime factors of 3333.
3, 11, 101
List the prime factors of 323.
17, 19
List the prime factors of 24281.
24281
List the prime factors of 2957.
2957
What are the prime factors of 2155?
5, 431
List the prime factors of 8210.
2, 5, 821
List the prime factors of 205.
5, 41
List the prime factors of 281.
281
List the prime factors of 1082.
2, 541
What are the prime factors of 3957?
3, 1319
What are the prime factors of 79273?
79273
What are the prime factors of 90061?
113, 797
What are the prime factors of 3401?
19, 179
What are the prime factors of 589?
19, 31
What are the prime factors of 14044?
2, 3511
List the prime factors of 21130.
2, 5, 2113
What are the prime factors of 12569?
12569
List the prime factors of 127901.
79, 1619
What are the prime factors of 12336?
2, 3, 257
What are the prime factors of 124507?
19, 6553
What are the prime factors of 19?
19
What are the prime factors of 14228?
2, 3557
List the prime factors of 70946.
2, 19, 1867
List the prime factors of 1006.
2, 503
What are the prime factors of 4125?
3, 5, 11
What are the prime factors of 1299?
3, 433
What are the prime factors of 4731?
3, 19, 83
List the prime factors of 3332.
2, 7, 17
List the prime factors of 1277.
1277
List the prime factors of 9976.
2, 29, 43
What are the prime factors of 3507?
3, 7, 167
What are the prime factors of 7968?
2, 3, 83
List the prime factors of 60870.
2, 3, 5, 2029
What are the prime factors of 1014?
2, 3, 13
List the prime factors of 4627.
7, 661
List the prime factors of 90.
2, 3, 5
List the prime factors of 1264.
2, 79
What are the prime factors of 52220?
2, 5, 7, 373
What are the prime factors of 1432?
2, 179
List the prime factors of 29369.
43, 683
What are the prime factors of 21582?
2, 3, 11, 109
List the prime factors of 1077.
3, 359
What are the prime factors of 517?
11, 47
List the prime factors of 5602.
2, 2801
What are the prime factors of 1347?
3, 449
What are the prime factors of 13097?
7, 1871
What are the prime factors of 93992?
2, 31, 379
List the prime factors of 9393.
3, 31, 101
List the prime factors of 90377.
7, 12911
List the prime factors of 33495.
3, 5, 7, 11, 29
List the prime factors of 5087.
5087
List the prime factors of 5344.
2, 167
List the prime factors of 2757.
3, 919
What are the prime factors of 3457?
3457
List the prime factors of 12652.
2, 3163
List the prime factors of 1174.
2, 587
What are the prime factors of 164638?
2, 263, 313
List the prime factors of 4001.
4001
What are the prime factors of 10207?
59, 173
List the prime factors of 2381.
2381
List the prime factors of 26997.
3, 8999
What are the prime factors of 33965?
5, 6793
What are the prime factors of 13028?
2, 3257
List the prime factors of 5161.
13, 397
List the prime factors of 1133.
11, 103
List the prime factors of 5216.
2, 163
List the prime factors of 101233.
11, 9203
What are the prime factors of 2615?
5, 523
What are the prime factors of 13838?
2, 11, 17, 37
List the prime factors of 2219.
7, 317
List the prime factors of 99.
3, 11
What are the prime factors of 805?
5, 7, 23
List the prime factors